{"id":2290,"date":"2024-07-29T19:13:35","date_gmt":"2024-07-29T17:13:35","guid":{"rendered":"http:\/\/localhost\/simply2024wp\/?page_id=2290"},"modified":"2025-09-16T11:27:12","modified_gmt":"2025-09-16T09:27:12","slug":"rolunk","status":"publish","type":"page","link":"https:\/\/directhosting.hu\/simply25wp\/rolunk\/","title":{"rendered":"R\u00f3lunk"},"content":{"rendered":"<p><strong>A Simply You Pharmaceuticals A.S.<\/strong>\u00a0dinamikusan n\u00f6vekv\u0151 multinacion\u00e1lis v\u00e1llalat, mely kiv\u00e1l\u00f3 min\u0151s\u00e9g\u0171 \u00e9trend-kieg\u00e9sz\u00edt\u0151k, egyed\u00fcl\u00e1ll\u00f3 gy\u00f3gyhat\u00e1s\u00fa \u00e9s gy\u00f3gy\u00e1szati-kozmetikai term\u00e9kek kutat\u00e1s\u00e1ra, fejleszt\u00e9s\u00e9re \u00e9s gy\u00e1rt\u00e1s\u00e1ra szakosodott. 2010 \u00f3ta kiemelt figyelmet ford\u00edt az orvostechnikai eszk\u00f6z\u00f6k piac\u00e1ra is.<\/p>\n<p><strong>A Simply You Hungary Kft.<\/strong>\u00a0le\u00e1nyv\u00e1llalatk\u00e9nt k\u00e9pviseli az anyac\u00e9get Magyarorsz\u00e1gon. C\u00e9g\u00fcnk \u00fczleti etik\u00e1j\u00e1n bel\u00fcl nagy hangs\u00falyt fektet\u00fcnk alkalmazottaink folyamatos szakmai k\u00e9pz\u00e9s\u00e9re, felk\u00e9sz\u00fclts\u00e9g\u00e9re. C\u00e9lunk, a hossz\u00fa t\u00e1v\u00fa strat\u00e9giai partners\u00e9g kialak\u00edt\u00e1sa sz\u00e1mos k\u00fcls\u0151 szak\u00e9rt\u0151vel, tan\u00e1csad\u00f3val, besz\u00e1ll\u00edt\u00f3kkal \u00e9s \u00fczleti partnerekkel.<\/p>\n<p>Filoz\u00f3fi\u00e1nk, hogy akt\u00edvan r\u00e9szt vesz\u00fcnk \u00fcgyfeleink eg\u00e9szs\u00e9g\u00e9nek jav\u00edt\u00e1s\u00e1ban, hozz\u00e1j\u00e1rulva ezzel a min\u0151s\u00e9gibb \u00e9s boldogabb \u00e9let\u00fckh\u00f6z.<\/p>\n","protected":false},"excerpt":{"rendered":"<p>A Simply You Pharmaceuticals A.S.\u00a0dinamikusan n\u00f6vekv\u0151 multinacion\u00e1lis v\u00e1llalat, mely kiv\u00e1l\u00f3 min\u0151s\u00e9g\u0171 \u00e9trend-kieg\u00e9sz\u00edt\u0151k, egyed\u00fcl\u00e1ll\u00f3 gy\u00f3gyhat\u00e1s\u00fa \u00e9s gy\u00f3gy\u00e1szati-kozmetikai term\u00e9kek kutat\u00e1s\u00e1ra, fejleszt\u00e9s\u00e9re \u00e9s gy\u00e1rt\u00e1s\u00e1ra szakosodott. 2010 \u00f3ta kiemelt figyelmet ford\u00edt az orvostechnikai eszk\u00f6z\u00f6k piac\u00e1ra is. A Simply You Hungary Kft.\u00a0le\u00e1nyv\u00e1llalatk\u00e9nt k\u00e9pviseli az anyac\u00e9get Magyarorsz\u00e1gon. C\u00e9g\u00fcnk \u00fczleti etik\u00e1j\u00e1n bel\u00fcl nagy hangs\u00falyt fektet\u00fcnk alkalmazottaink folyamatos szakmai k\u00e9pz\u00e9s\u00e9re, felk\u00e9sz\u00fclts\u00e9g\u00e9re. C\u00e9lunk, a [&hellip;]<\/p>\n","protected":false},"author":1,"featured_media":2289,"parent":0,"menu_order":0,"comment_status":"closed","ping_status":"closed","template":"","meta":{"_acf_changed":false,"footnotes":""},"class_list":["post-2290","page","type-page","status-publish","has-post-thumbnail","hentry"],"acf":[],"yoast_head":"<!-- This site is optimized with the Yoast SEO Premium plugin v25.6 (Yoast SEO v26.0) - https:\/\/yoast.com\/wordpress\/plugins\/seo\/ -->\n<title>R\u00f3lunk - Simply You<\/title>\n<meta name=\"robots\" content=\"index, follow, max-snippet:-1, max-image-preview:large, max-video-preview:-1\" \/>\n<link rel=\"canonical\" href=\"https:\/\/directhosting.hu\/simply25wp\/rolunk\/\" \/>\n<meta property=\"og:locale\" content=\"hu_HU\" \/>\n<meta property=\"og:type\" content=\"article\" \/>\n<meta property=\"og:title\" content=\"R\u00f3lunk\" \/>\n<meta property=\"og:description\" content=\"A Simply You Pharmaceuticals A.S.\u00a0dinamikusan n\u00f6vekv\u0151 multinacion\u00e1lis v\u00e1llalat, mely kiv\u00e1l\u00f3 min\u0151s\u00e9g\u0171 \u00e9trend-kieg\u00e9sz\u00edt\u0151k, egyed\u00fcl\u00e1ll\u00f3 gy\u00f3gyhat\u00e1s\u00fa \u00e9s gy\u00f3gy\u00e1szati-kozmetikai term\u00e9kek kutat\u00e1s\u00e1ra, fejleszt\u00e9s\u00e9re \u00e9s gy\u00e1rt\u00e1s\u00e1ra szakosodott. 2010 \u00f3ta kiemelt figyelmet ford\u00edt az orvostechnikai eszk\u00f6z\u00f6k piac\u00e1ra is. A Simply You Hungary Kft.\u00a0le\u00e1nyv\u00e1llalatk\u00e9nt k\u00e9pviseli az anyac\u00e9get Magyarorsz\u00e1gon. C\u00e9g\u00fcnk \u00fczleti etik\u00e1j\u00e1n bel\u00fcl nagy hangs\u00falyt fektet\u00fcnk alkalmazottaink folyamatos szakmai k\u00e9pz\u00e9s\u00e9re, felk\u00e9sz\u00fclts\u00e9g\u00e9re. C\u00e9lunk, a [&hellip;]\" \/>\n<meta property=\"og:url\" content=\"https:\/\/directhosting.hu\/simply25wp\/rolunk\/\" \/>\n<meta property=\"og:site_name\" content=\"Simply You\" \/>\n<meta property=\"article:modified_time\" content=\"2025-09-16T09:27:12+00:00\" \/>\n<meta property=\"og:image\" content=\"https:\/\/directhosting.hu\/simply25wp\/wp-content\/uploads\/2024\/07\/office.jpg\" \/>\n\t<meta property=\"og:image:width\" content=\"903\" \/>\n\t<meta property=\"og:image:height\" content=\"529\" \/>\n\t<meta property=\"og:image:type\" content=\"image\/jpeg\" \/>\n<meta name=\"twitter:card\" content=\"summary_large_image\" \/>\n<meta name=\"twitter:label1\" content=\"Becs\u00fclt olvas\u00e1si id\u0151\" \/>\n\t<meta name=\"twitter:data1\" content=\"1 perc\" \/>\n<script type=\"application\/ld+json\" class=\"yoast-schema-graph\">{\"@context\":\"https:\/\/schema.org\",\"@graph\":[{\"@type\":\"WebPage\",\"@id\":\"https:\/\/directhosting.hu\/simply25wp\/rolunk\/\",\"url\":\"https:\/\/directhosting.hu\/simply25wp\/rolunk\/\",\"name\":\"R\u00f3lunk - Simply You\",\"isPartOf\":{\"@id\":\"https:\/\/directhosting.hu\/simply25wp\/#website\"},\"primaryImageOfPage\":{\"@id\":\"https:\/\/directhosting.hu\/simply25wp\/rolunk\/#primaryimage\"},\"image\":{\"@id\":\"https:\/\/directhosting.hu\/simply25wp\/rolunk\/#primaryimage\"},\"thumbnailUrl\":\"https:\/\/directhosting.hu\/simply25wp\/wp-content\/uploads\/2024\/07\/office.jpg\",\"datePublished\":\"2024-07-29T17:13:35+00:00\",\"dateModified\":\"2025-09-16T09:27:12+00:00\",\"breadcrumb\":{\"@id\":\"https:\/\/directhosting.hu\/simply25wp\/rolunk\/#breadcrumb\"},\"inLanguage\":\"hu\",\"potentialAction\":[{\"@type\":\"ReadAction\",\"target\":[\"https:\/\/directhosting.hu\/simply25wp\/rolunk\/\"]}]},{\"@type\":\"ImageObject\",\"inLanguage\":\"hu\",\"@id\":\"https:\/\/directhosting.hu\/simply25wp\/rolunk\/#primaryimage\",\"url\":\"https:\/\/directhosting.hu\/simply25wp\/wp-content\/uploads\/2024\/07\/office.jpg\",\"contentUrl\":\"https:\/\/directhosting.hu\/simply25wp\/wp-content\/uploads\/2024\/07\/office.jpg\",\"width\":903,\"height\":529},{\"@type\":\"BreadcrumbList\",\"@id\":\"https:\/\/directhosting.hu\/simply25wp\/rolunk\/#breadcrumb\",\"itemListElement\":[{\"@type\":\"ListItem\",\"position\":1,\"name\":\"Kezd\u0151lap\",\"item\":\"https:\/\/directhosting.hu\/simply25wp\/\"},{\"@type\":\"ListItem\",\"position\":2,\"name\":\"R\u00f3lunk\"}]},{\"@type\":\"WebSite\",\"@id\":\"https:\/\/directhosting.hu\/simply25wp\/#website\",\"url\":\"https:\/\/directhosting.hu\/simply25wp\/\",\"name\":\"Simply You\",\"description\":\"\",\"potentialAction\":[{\"@type\":\"SearchAction\",\"target\":{\"@type\":\"EntryPoint\",\"urlTemplate\":\"https:\/\/directhosting.hu\/simply25wp\/?s={search_term_string}\"},\"query-input\":{\"@type\":\"PropertyValueSpecification\",\"valueRequired\":true,\"valueName\":\"search_term_string\"}}],\"inLanguage\":\"hu\"}]}<\/script>\n<!-- \/ Yoast SEO Premium plugin. -->","yoast_head_json":{"title":"R\u00f3lunk - Simply You","robots":{"index":"index","follow":"follow","max-snippet":"max-snippet:-1","max-image-preview":"max-image-preview:large","max-video-preview":"max-video-preview:-1"},"canonical":"https:\/\/directhosting.hu\/simply25wp\/rolunk\/","og_locale":"hu_HU","og_type":"article","og_title":"R\u00f3lunk","og_description":"A Simply You Pharmaceuticals A.S.\u00a0dinamikusan n\u00f6vekv\u0151 multinacion\u00e1lis v\u00e1llalat, mely kiv\u00e1l\u00f3 min\u0151s\u00e9g\u0171 \u00e9trend-kieg\u00e9sz\u00edt\u0151k, egyed\u00fcl\u00e1ll\u00f3 gy\u00f3gyhat\u00e1s\u00fa \u00e9s gy\u00f3gy\u00e1szati-kozmetikai term\u00e9kek kutat\u00e1s\u00e1ra, fejleszt\u00e9s\u00e9re \u00e9s gy\u00e1rt\u00e1s\u00e1ra szakosodott. 2010 \u00f3ta kiemelt figyelmet ford\u00edt az orvostechnikai eszk\u00f6z\u00f6k piac\u00e1ra is. A Simply You Hungary Kft.\u00a0le\u00e1nyv\u00e1llalatk\u00e9nt k\u00e9pviseli az anyac\u00e9get Magyarorsz\u00e1gon. C\u00e9g\u00fcnk \u00fczleti etik\u00e1j\u00e1n bel\u00fcl nagy hangs\u00falyt fektet\u00fcnk alkalmazottaink folyamatos szakmai k\u00e9pz\u00e9s\u00e9re, felk\u00e9sz\u00fclts\u00e9g\u00e9re. C\u00e9lunk, a [&hellip;]","og_url":"https:\/\/directhosting.hu\/simply25wp\/rolunk\/","og_site_name":"Simply You","article_modified_time":"2025-09-16T09:27:12+00:00","og_image":[{"width":903,"height":529,"url":"https:\/\/directhosting.hu\/simply25wp\/wp-content\/uploads\/2024\/07\/office.jpg","type":"image\/jpeg"}],"twitter_card":"summary_large_image","twitter_misc":{"Becs\u00fclt olvas\u00e1si id\u0151":"1 perc"},"schema":{"@context":"https:\/\/schema.org","@graph":[{"@type":"WebPage","@id":"https:\/\/directhosting.hu\/simply25wp\/rolunk\/","url":"https:\/\/directhosting.hu\/simply25wp\/rolunk\/","name":"R\u00f3lunk - Simply You","isPartOf":{"@id":"https:\/\/directhosting.hu\/simply25wp\/#website"},"primaryImageOfPage":{"@id":"https:\/\/directhosting.hu\/simply25wp\/rolunk\/#primaryimage"},"image":{"@id":"https:\/\/directhosting.hu\/simply25wp\/rolunk\/#primaryimage"},"thumbnailUrl":"https:\/\/directhosting.hu\/simply25wp\/wp-content\/uploads\/2024\/07\/office.jpg","datePublished":"2024-07-29T17:13:35+00:00","dateModified":"2025-09-16T09:27:12+00:00","breadcrumb":{"@id":"https:\/\/directhosting.hu\/simply25wp\/rolunk\/#breadcrumb"},"inLanguage":"hu","potentialAction":[{"@type":"ReadAction","target":["https:\/\/directhosting.hu\/simply25wp\/rolunk\/"]}]},{"@type":"ImageObject","inLanguage":"hu","@id":"https:\/\/directhosting.hu\/simply25wp\/rolunk\/#primaryimage","url":"https:\/\/directhosting.hu\/simply25wp\/wp-content\/uploads\/2024\/07\/office.jpg","contentUrl":"https:\/\/directhosting.hu\/simply25wp\/wp-content\/uploads\/2024\/07\/office.jpg","width":903,"height":529},{"@type":"BreadcrumbList","@id":"https:\/\/directhosting.hu\/simply25wp\/rolunk\/#breadcrumb","itemListElement":[{"@type":"ListItem","position":1,"name":"Kezd\u0151lap","item":"https:\/\/directhosting.hu\/simply25wp\/"},{"@type":"ListItem","position":2,"name":"R\u00f3lunk"}]},{"@type":"WebSite","@id":"https:\/\/directhosting.hu\/simply25wp\/#website","url":"https:\/\/directhosting.hu\/simply25wp\/","name":"Simply You","description":"","potentialAction":[{"@type":"SearchAction","target":{"@type":"EntryPoint","urlTemplate":"https:\/\/directhosting.hu\/simply25wp\/?s={search_term_string}"},"query-input":{"@type":"PropertyValueSpecification","valueRequired":true,"valueName":"search_term_string"}}],"inLanguage":"hu"}]}},"_links":{"self":[{"href":"https:\/\/directhosting.hu\/simply25wp\/wp-json\/wp\/v2\/pages\/2290","targetHints":{"allow":["GET"]}}],"collection":[{"href":"https:\/\/directhosting.hu\/simply25wp\/wp-json\/wp\/v2\/pages"}],"about":[{"href":"https:\/\/directhosting.hu\/simply25wp\/wp-json\/wp\/v2\/types\/page"}],"author":[{"embeddable":true,"href":"https:\/\/directhosting.hu\/simply25wp\/wp-json\/wp\/v2\/users\/1"}],"replies":[{"embeddable":true,"href":"https:\/\/directhosting.hu\/simply25wp\/wp-json\/wp\/v2\/comments?post=2290"}],"version-history":[{"count":6,"href":"https:\/\/directhosting.hu\/simply25wp\/wp-json\/wp\/v2\/pages\/2290\/revisions"}],"predecessor-version":[{"id":2776,"href":"https:\/\/directhosting.hu\/simply25wp\/wp-json\/wp\/v2\/pages\/2290\/revisions\/2776"}],"wp:featuredmedia":[{"embeddable":true,"href":"https:\/\/directhosting.hu\/simply25wp\/wp-json\/wp\/v2\/media\/2289"}],"wp:attachment":[{"href":"https:\/\/directhosting.hu\/simply25wp\/wp-json\/wp\/v2\/media?parent=2290"}],"curies":[{"name":"wp","href":"https:\/\/api.w.org\/{rel}","templated":true}]}}