{"id":2730,"date":"2025-08-18T17:53:21","date_gmt":"2025-08-18T15:53:21","guid":{"rendered":"https:\/\/directhosting.hu\/simply25wp\/?page_id=2730"},"modified":"2025-08-18T17:53:21","modified_gmt":"2025-08-18T15:53:21","slug":"sutik","status":"publish","type":"page","link":"https:\/\/directhosting.hu\/simply25wp\/sutik\/","title":{"rendered":"S\u00fctik"},"content":{"rendered":"<p>S\u00fctik sz\u00f6vege.<\/p>\n","protected":false},"excerpt":{"rendered":"<p>S\u00fctik sz\u00f6vege.<\/p>\n","protected":false},"author":1,"featured_media":0,"parent":0,"menu_order":0,"comment_status":"closed","ping_status":"closed","template":"","meta":{"_acf_changed":false,"footnotes":""},"class_list":["post-2730","page","type-page","status-publish","hentry"],"acf":[],"yoast_head":"<!-- This site is optimized with the Yoast SEO Premium plugin v25.6 (Yoast SEO v26.0) - https:\/\/yoast.com\/wordpress\/plugins\/seo\/ -->\n<title>S\u00fctik - Simply You<\/title>\n<meta name=\"robots\" content=\"index, follow, max-snippet:-1, max-image-preview:large, max-video-preview:-1\" \/>\n<link rel=\"canonical\" href=\"https:\/\/directhosting.hu\/simply25wp\/sutik\/\" \/>\n<meta property=\"og:locale\" content=\"hu_HU\" \/>\n<meta property=\"og:type\" content=\"article\" \/>\n<meta property=\"og:title\" content=\"S\u00fctik\" \/>\n<meta property=\"og:description\" content=\"S\u00fctik sz\u00f6vege.\" \/>\n<meta property=\"og:url\" content=\"https:\/\/directhosting.hu\/simply25wp\/sutik\/\" \/>\n<meta property=\"og:site_name\" content=\"Simply You\" \/>\n<meta name=\"twitter:card\" content=\"summary_large_image\" \/>\n<meta name=\"twitter:label1\" content=\"Becs\u00fclt olvas\u00e1si id\u0151\" \/>\n\t<meta name=\"twitter:data1\" content=\"1 perc\" \/>\n<script type=\"application\/ld+json\" class=\"yoast-schema-graph\">{\"@context\":\"https:\/\/schema.org\",\"@graph\":[{\"@type\":\"WebPage\",\"@id\":\"https:\/\/directhosting.hu\/simply25wp\/sutik\/\",\"url\":\"https:\/\/directhosting.hu\/simply25wp\/sutik\/\",\"name\":\"S\u00fctik - Simply You\",\"isPartOf\":{\"@id\":\"https:\/\/directhosting.hu\/simply25wp\/#website\"},\"datePublished\":\"2025-08-18T15:53:21+00:00\",\"breadcrumb\":{\"@id\":\"https:\/\/directhosting.hu\/simply25wp\/sutik\/#breadcrumb\"},\"inLanguage\":\"hu\",\"potentialAction\":[{\"@type\":\"ReadAction\",\"target\":[\"https:\/\/directhosting.hu\/simply25wp\/sutik\/\"]}]},{\"@type\":\"BreadcrumbList\",\"@id\":\"https:\/\/directhosting.hu\/simply25wp\/sutik\/#breadcrumb\",\"itemListElement\":[{\"@type\":\"ListItem\",\"position\":1,\"name\":\"Kezd\u0151lap\",\"item\":\"https:\/\/directhosting.hu\/simply25wp\/\"},{\"@type\":\"ListItem\",\"position\":2,\"name\":\"S\u00fctik\"}]},{\"@type\":\"WebSite\",\"@id\":\"https:\/\/directhosting.hu\/simply25wp\/#website\",\"url\":\"https:\/\/directhosting.hu\/simply25wp\/\",\"name\":\"Simply You\",\"description\":\"\",\"potentialAction\":[{\"@type\":\"SearchAction\",\"target\":{\"@type\":\"EntryPoint\",\"urlTemplate\":\"https:\/\/directhosting.hu\/simply25wp\/?s={search_term_string}\"},\"query-input\":{\"@type\":\"PropertyValueSpecification\",\"valueRequired\":true,\"valueName\":\"search_term_string\"}}],\"inLanguage\":\"hu\"}]}<\/script>\n<!-- \/ Yoast SEO Premium plugin. -->","yoast_head_json":{"title":"S\u00fctik - Simply You","robots":{"index":"index","follow":"follow","max-snippet":"max-snippet:-1","max-image-preview":"max-image-preview:large","max-video-preview":"max-video-preview:-1"},"canonical":"https:\/\/directhosting.hu\/simply25wp\/sutik\/","og_locale":"hu_HU","og_type":"article","og_title":"S\u00fctik","og_description":"S\u00fctik sz\u00f6vege.","og_url":"https:\/\/directhosting.hu\/simply25wp\/sutik\/","og_site_name":"Simply You","twitter_card":"summary_large_image","twitter_misc":{"Becs\u00fclt olvas\u00e1si id\u0151":"1 perc"},"schema":{"@context":"https:\/\/schema.org","@graph":[{"@type":"WebPage","@id":"https:\/\/directhosting.hu\/simply25wp\/sutik\/","url":"https:\/\/directhosting.hu\/simply25wp\/sutik\/","name":"S\u00fctik - Simply You","isPartOf":{"@id":"https:\/\/directhosting.hu\/simply25wp\/#website"},"datePublished":"2025-08-18T15:53:21+00:00","breadcrumb":{"@id":"https:\/\/directhosting.hu\/simply25wp\/sutik\/#breadcrumb"},"inLanguage":"hu","potentialAction":[{"@type":"ReadAction","target":["https:\/\/directhosting.hu\/simply25wp\/sutik\/"]}]},{"@type":"BreadcrumbList","@id":"https:\/\/directhosting.hu\/simply25wp\/sutik\/#breadcrumb","itemListElement":[{"@type":"ListItem","position":1,"name":"Kezd\u0151lap","item":"https:\/\/directhosting.hu\/simply25wp\/"},{"@type":"ListItem","position":2,"name":"S\u00fctik"}]},{"@type":"WebSite","@id":"https:\/\/directhosting.hu\/simply25wp\/#website","url":"https:\/\/directhosting.hu\/simply25wp\/","name":"Simply You","description":"","potentialAction":[{"@type":"SearchAction","target":{"@type":"EntryPoint","urlTemplate":"https:\/\/directhosting.hu\/simply25wp\/?s={search_term_string}"},"query-input":{"@type":"PropertyValueSpecification","valueRequired":true,"valueName":"search_term_string"}}],"inLanguage":"hu"}]}},"_links":{"self":[{"href":"https:\/\/directhosting.hu\/simply25wp\/wp-json\/wp\/v2\/pages\/2730","targetHints":{"allow":["GET"]}}],"collection":[{"href":"https:\/\/directhosting.hu\/simply25wp\/wp-json\/wp\/v2\/pages"}],"about":[{"href":"https:\/\/directhosting.hu\/simply25wp\/wp-json\/wp\/v2\/types\/page"}],"author":[{"embeddable":true,"href":"https:\/\/directhosting.hu\/simply25wp\/wp-json\/wp\/v2\/users\/1"}],"replies":[{"embeddable":true,"href":"https:\/\/directhosting.hu\/simply25wp\/wp-json\/wp\/v2\/comments?post=2730"}],"version-history":[{"count":1,"href":"https:\/\/directhosting.hu\/simply25wp\/wp-json\/wp\/v2\/pages\/2730\/revisions"}],"predecessor-version":[{"id":2731,"href":"https:\/\/directhosting.hu\/simply25wp\/wp-json\/wp\/v2\/pages\/2730\/revisions\/2731"}],"wp:attachment":[{"href":"https:\/\/directhosting.hu\/simply25wp\/wp-json\/wp\/v2\/media?parent=2730"}],"curies":[{"name":"wp","href":"https:\/\/api.w.org\/{rel}","templated":true}]}}